is the remainder when t is divided by 35?
5
Let f(z) = 29*z**2 + z - 3. What is the remainder when 560 is divided by f(3)?
38
Suppose i - 3694 = -5*m, -5*i = -3*m - 18863 + 589. What is the remainder when i is divided by 27?
14
Suppose c + 5 = 6. Suppose 185*o + 33 = 317*o - 3663. Calculate the remainder when c - 1 - 106/(-2) is divided by o.
25
What is the remainder when 4423 is divided by -6*(13 - 1358/84)?
15
Let k = 82 - 31. Let g(c) = 33*c + 34. Let r be g(3). Suppose r*m - 138*m = -65. Calculate the remainder when k is divided by m.
12
Suppose -3*c + 9 = 4*u, -2*u + 3*u = -5*c - 2. Suppose -2*k + 0*k + 526 = -5*l, u*k - 2*l - 800 = 0. Calculate the remainder when k is divided by 16.
12
Let a(x) = -255*x - 711. Calculate the remainder when 3505 is divided by a(-3).
49
Let g be -1*(2 + -3) + (0 - 5). Let q be 2*((-50)/g - 2). Let t = q + 33. What is the remainder when t is divided by 29?
25
Let o = -233 - -869. Calculate the remainder when o is divided by 32.
28
Suppose 1 = 9*r + 1. Suppose -v + r*k - k + 13 = 0, v + 4*k = 7. What is the remainder when 84 is divided by v?
9
Let w = 501 - -2237. Let j be (-18)/(-4)*w/111. Let x = j - 43. Calculate the remainder when x is divided by 10.
8
Let a = 27 + -5. Let k = 31 - a. Calculate the remainder when k is divided by (7 + 30/(-12))/(6/4).
0
Suppose q - 206 = -u, 18*u - 196 = -q + 19*u. Calculate the remainder when 587 is divided by q.
185
Calculate the remainder when 151 is divided by (-109 + 1)*(6 + (-425)/68).
16
Let q be (30/21)/5 + 4024/28. Suppose 12*s - q = 6*s. Suppose -3*c - 5*j = -3*j - 433, -3*c = -j - 427. What is the remainder when c is divided by s?
23
Let y(u) = -25*u - 930. Calculate the remainder when 831 is divided by y(-42).
111
Let x(c) = -48*c + 1755. Calculate the remainder when x(15) is divided by 466.
103
Let l = 19088 - 18944. What is the remainder when 797 is divided by l?
77
Let v = -79 - -111. Let w(t) = -40*t - 34. Let c(n) = n**2 - 3*n - 32. Let k be c(7). What is the remainder when w(k) is divided by v?
30
Let s(x) = 8*x**2 + 26*x + 19. Let m = -339 + 333. What is the remainder when s(m) is divided by 52?
47
Let o(w) = -9*w - 3. Let s be o(-8). Calculate the remainder when (-6)/s + 18240/276 is divided by 37.
29
Let y = 2834 - 2798. What is the remainder when 69 is divided by y?
33
Calculate the remainder when (-33 + 7 - -21) + (0 - -256)/2 is divided by 32.
27
Let s = 2407 - 2169. What is the remainder when s is divided by -1 + 3 - (-7 - 1)?
8
Suppose 196 = -108*x + 9157 + 2487. Calculate the remainder when 202 is divided by x.
96
Suppose -5*q = -2*i + 215, -2661*i + 2660*i + 118 = -q. What is the remainder when 539 is divided by i?
39
Let d(y) = 9*y**2 + 82*y + 157. What is the remainder when d(-14) is divided by 14?
3
Let q be 5/(20/468) + 4. Let z = q - -10. Let v = 16 - -3. What is the remainder when z is divided by v?
17
Suppose 3*a - j - 57 = 95, -a = 2*j - 46. Let n = -112351 + 112547. Calculate the remainder when n is divided by a.
46
Let r be (8/(-6))/((-16)/336). Let q = r + -23. What is the remainder when 64 is divided by (-22 - 0)*-2*q/20?
9
Suppose -3690*n = -3675*n - 4020. What is the remainder when n is divided by 41?
22
Suppose -w - 23 = -72. Suppose m - 35*o + 34*o = w, -m - 4*o + 39 = 0. Calculate the remainder when m is divided by 18.
11
Calculate the remainder when (400400/(-39))/(-20)*12/10 is divided by 39.
31
Let q = 73 + -49. Let g = 66 - q. Suppose -2*i + g = -i. Calculate the remainder when i is divided by 22.
20
Let s = -124 - -345. Let x(q) = q + 19. Suppose 0*a + 41*a - 533 = 0. Calculate the remainder when s is divided by x(a).
29
Suppose 90289 = 58*m + 194*m - 97703. What is the remainder when m is divided by 237?
35
Let b(q) = 2*q**3 - q**2 + 4*q - 7. Let u = -2 + 20. Suppose -5*v = -u + 8. Calculate the remainder when 26 is divided by b(v).
0
Suppose -v - 4*v = -65. Calculate the remainder when 27 + ((-10)/(-2) - -5) is divided by v.
11
Let p = 22 - -9. Calculate the remainder when p is divided by 10 - (4 - 9/9 - 4).
9
Let a = -13245 - -13374. What is the remainder when a is divided by 25*1 - 2 - 1?
19
Suppose 17 = 5*k + 4*p - 0*p, -4*k + 4*p - 8 = 0. Let j = 31 + k. Suppose -j = -2*h - 2*h. Calculate the remainder when 29 is divided by h.
5
Let f(l) = -5*l + 4. Let m be f(-5). Suppose m - 4 = 5*a. Let o(g) = g**2 + 16*g + 57. Calculate the remainder when o(-12) is divided by a.
4
Let x = 207 - 57. Calculate the remainder when x is divided by 55*((-44)/(-220))/(2/10) + 1.
38
Calculate the remainder when 2/(-26) + (-38076)/(-494) is divided by 10.
7
Let r(i) = 260*i**2 + 70*i - 45. Let l(k) = -29*k**2 - 8*k + 5. Let a(q) = 35*l(q) + 4*r(q). What is the remainder when a(7) is divided by 94?
92
Let q(s) = 7*s - 29. Let o be q(13). Let x = o - 49. Suppose 0*b + b - 89 = 0. Calculate the remainder when b is divided by x.
11
Suppose 582 = 3*v + 3*r - 189, 3*v = -4*r + 775. Let p = -202 + v. Calculate the remainder when 201 is divided by p.
48
Suppose -s - 4*t - 6 = -6*t, -28 = -4*s - 5*t. Suppose s*r - 16 - 4 = 0. Suppose -15775 = 3*k - 15823. Calculate the remainder when k is divided by r.
6
Let j = 72 + -62. Suppose -j*n + 5*n = -495. Let f(d) = 2*d**3 - 4*d**2 + d - 4. Calculate the remainder when n is divided by f(3).
14
Let y(w) = 2*w**3 - w**2 - 16*w - 6. Let a be y(4). Suppose -a*u + 371 = -35*u. Calculate the remainder when 161 is divided by u.
2
Let q(n) = -n**3 - 8*n**2 + 3*n - 17. Let a be q(-7). Let g = -69 - a. Let x = g + -8. What is the remainder when 78 is divided by x?
8
Let d = 42 - 23. Let a = -2 + d. Suppose -2*m + 59 = m - 2*i, -2*i + a = m. What is the remainder when m is divided by 3?
1
Let j(r) = 8*r - 59. Let p be j(18). What is the remainder when 10/85 + (10020/p - 0) is divided by 43?
32
Calculate the remainder when 511 is divided by (-4*(-533)/(-26))/(((-6)/(-15))/(-1)).
101
Let g(l) = -93 + 57 - 8*l - 242. What is the remainder when 169 is divided by g(-39)?
33
Suppose 2*w + 22 = 3*b, 4*w = b + 2*b - 20. Suppose 127 + 33 = b*d. Calculate the remainder when 56 is divided by d.
16
Let f(q) = q**3 + 6*q**2 + 2*q + 6. Let i be f(-6). Let w(z) = -z**3 - 5*z**2 + 5*z + 4. Suppose 72 = h + h. Calculate the remainder when h is divided by w(i).
6
Suppose -2544*u = -2300*u - 10492. Suppose -3*f - 4*b + 266 = 0, 62 + 10 = f - 2*b. Calculate the remainder when f is divided by u.
39
Suppose -884 = -22*t + 5*t. Let q be -2*(-1)/(-2)*t. Let k = q + 67. Calculate the remainder when 86 is divided by k.
11
Let j(v) = -13*v - 1. Let i be j(-2). Let z = i - -6. Calculate the remainder when 1325/(-53) - 1702/(-20) - -3*(-3)/90 is divided by z.
29
Suppose 0 = 3*v + 5*n - 556, 7*n = -3*v + 6*n + 548. What is the remainder when v is divided by 13?
0
Let t(s) = -s**3 + 54*s**2 + 430*s - 149. Calculate the remainder when 2921 is divided by t(61).
31
Suppose 8*l + 5*p = 3*l + 780, 0 = -2*l + 5*p + 305. Suppose 0 = 3*t - 36 - 3. What is the remainder when l is divided by t?
12
Let k(y) = 16*y + 349. What is the remainder when k(-9) is divided by 7?
2
Let s(f) = f + 56. Let c be s(26). Let h = c - -20. What is the remainder when h is divided by 8?
6
Suppose 114 + 390 = -4*t. Let g = t - -182. What is the remainder when g is divided by 30?
26
Let g(i) = 2*i**3 + i**2 - 25*i + 113. What is the remainder when 452 is divided by g(0)?
0
Let k(z) = -z + 10. Let j(p) = -p - 5. Let i be j(-5). Suppose 8 = -3*n + 4*t, 5*t + i*t - 17 = 2*n. Calculate the remainder when k(0) is divided by n.
2
Let r(d) = 3*d**2 - 8*d + 18. Let o(j) = j**2 + 8*j + 19. Let m be o(-4). Calculate the remainder when 61 is divided by r(m).
19
Let n be 2 + 0 + (-35 - 5). Let s = 34 - n. What is the remainder when (-1 + s)*(-15)/(-15) is divided by 24?
23
Calculate the remainder when (-6)/10 + 526/10 is divided by (-1)/(14/(-128)) + 1375/(-9625).
7
Suppose -2*j + 3*b + 95 = 0, 5*j - 5*b - 68 = 162. Suppose 7*f - 10*f = -4*l + 74, 6*l = -3*f + 126. What is the remainder when j is divided by l?
3
Suppose 4202*w + 1666 = 4216*w. What is the remainder when w is divided by -2*2/(-8)*22?
9
Let r be -117 + 5 + (3 - 4). Suppose -34*u + 116 = -33*u. Let x = r + u. Calculate the remainder when 5 is divided by x.
2
Let z(l) = -23*l - 646. Let p be z(34). Let i = -1416 - p. Supp